{"id":908,"date":"2013-02-08T14:17:54","date_gmt":"2013-02-08T13:17:54","guid":{"rendered":"http:\/\/sciences-medias.fr\/blogs\/?post_type=tribe_events&#038;p=908"},"modified":"2023-01-27T20:36:09","modified_gmt":"2023-01-27T19:36:09","slug":"jean-francois-ternay-comment-la-science-fabrique-des-images-pour-les-medias-sur-france-inter","status":"publish","type":"tribe_events","link":"https:\/\/sciences-medias.fr\/blogs\/event\/jean-francois-ternay-comment-la-science-fabrique-des-images-pour-les-medias-sur-france-inter\/","title":{"rendered":"Jean-Fran\u00e7ois Ternay : Comment la science fabrique des images pour les m\u00e9dias, sur France Inter"},"content":{"rendered":"<p>Jean-Fran\u00e7ois Ternay participe \u00e0 l&rsquo;\u00e9mission \u00ab\u00a0Le grand bain\u00a0\u00bb, sur France Inter. Sujet :\u00a0Comment la science fabrique des images pour les m\u00e9dias.<\/p>\n<p><a href=\"http:\/\/www.franceinter.fr\/personne-jean-francois-ternay\" target=\"_blank\" rel=\"noopener\">http:\/\/www.franceinter.fr\/personne-jean-francois-ternay<\/a><\/p>\n<p>Podcast :\u00a0<a href=\"http:\/\/www.franceinter.fr\/emission-le-grand-bain-comment-la-science-fabrique-des-images-pour-les-medias\" target=\"_blank\" rel=\"noopener\">http:\/\/www.franceinter.fr\/emission-le-grand-bain-comment-la-science-fabrique-des-images-pour-les-medias<\/a><\/p>\n","protected":false},"excerpt":{"rendered":"<p>Jean-Fran\u00e7ois Ternay participe \u00e0 l&rsquo;\u00e9mission \u00ab\u00a0Le grand bain\u00a0\u00bb, sur France Inter. Sujet :\u00a0Comment la science fabrique des images pour les m\u00e9dias. http:\/\/www.franceinter.fr\/personne-jean-francois-ternay Podcast :\u00a0http:\/\/www.franceinter.fr\/emission-le-grand-bain-comment-la-science-fabrique-des-images-pour-les-medias<\/p>\n","protected":false},"author":97,"featured_media":0,"template":"","meta":{"_tribe_events_status":"","_tribe_events_status_reason":"","footnotes":""},"tags":[],"tribe_events_cat":[115],"class_list":["post-908","tribe_events","type-tribe_events","status-publish","hentry","tribe_events_cat-radio","cat_radio","column","onecol"],"_links":{"self":[{"href":"https:\/\/sciences-medias.fr\/blogs\/wp-json\/wp\/v2\/tribe_events\/908","targetHints":{"allow":["GET"]}}],"collection":[{"href":"https:\/\/sciences-medias.fr\/blogs\/wp-json\/wp\/v2\/tribe_events"}],"about":[{"href":"https:\/\/sciences-medias.fr\/blogs\/wp-json\/wp\/v2\/types\/tribe_events"}],"author":[{"embeddable":true,"href":"https:\/\/sciences-medias.fr\/blogs\/wp-json\/wp\/v2\/users\/97"}],"version-history":[{"count":1,"href":"https:\/\/sciences-medias.fr\/blogs\/wp-json\/wp\/v2\/tribe_events\/908\/revisions"}],"predecessor-version":[{"id":4840,"href":"https:\/\/sciences-medias.fr\/blogs\/wp-json\/wp\/v2\/tribe_events\/908\/revisions\/4840"}],"wp:attachment":[{"href":"https:\/\/sciences-medias.fr\/blogs\/wp-json\/wp\/v2\/media?parent=908"}],"wp:term":[{"taxonomy":"post_tag","embeddable":true,"href":"https:\/\/sciences-medias.fr\/blogs\/wp-json\/wp\/v2\/tags?post=908"},{"taxonomy":"tribe_events_cat","embeddable":true,"href":"https:\/\/sciences-medias.fr\/blogs\/wp-json\/wp\/v2\/tribe_events_cat?post=908"}],"curies":[{"name":"wp","href":"https:\/\/api.w.org\/{rel}","templated":true}]}}

Jean-François Ternay : Comment la science fabrique des images pour les médias, sur France Inter

<p>Jean-François Ternay participe à l&rsquo;émission « Le grand bain », sur France Inter. Sujet : Comment la science fabrique des images pour les médias.</p>
<p><a href="http://www.franceinter.fr/personne-jean-francois-ternay" target="_blank" rel="noopener">http://www.franceinter.fr/personne-jean-francois-ternay</a></p>
<p>Podcast : <a href="http://www.franceinter.fr/emission-le-grand-bain-comment-la-science-fabrique-des-images-pour-les-medias" target="_blank" rel="noopener">http://www.franceinter.fr/emission-le-grand-bain-comment-la-science-fabrique-des-images-pour-les-medias</a></p>

<p>Jean-François Ternay participe à l&rsquo;émission « Le grand bain », sur France Inter. Sujet : Comment la science fabrique des images pour les médias. http://www.franceinter.fr/personne-jean-francois-ternay Podcast : http://www.franceinter.fr/emission-le-grand-bain-comment-la-science-fabrique-des-images-pour-les-medias</p>
