{"id":884,"date":"2013-01-13T12:01:10","date_gmt":"2013-01-13T11:01:10","guid":{"rendered":"http:\/\/sciences-medias.fr\/blogs\/?post_type=tribe_events&#038;p=884"},"modified":"2023-01-27T20:35:17","modified_gmt":"2023-01-27T19:35:17","slug":"journee-mondiale-de-la-radio","status":"publish","type":"tribe_events","link":"https:\/\/sciences-medias.fr\/blogs\/event\/journee-mondiale-de-la-radio\/","title":{"rendered":"Journ\u00e9e mondiale de la radio"},"content":{"rendered":"<p><a href=\"https:\/\/sciences-medias.fr\/blogs\/equipe\/thierry-lefebvre\/\">Thierry Lefebvre<\/a> intervient sur France Info et RFI Portugu\u00eas \u00e0 l&rsquo;occasion de la Journ\u00e9e mondiale de la radio.<\/p>\n<p><a href=\"http:\/\/www.portugues.rfi.fr\/geral\/20130213-mobilidade-garante-lugar-do-radio-no-mundo-digital-dizem-especialistas\" target=\"_blank\" rel=\"noopener\">http:\/\/www.portugues.rfi.fr\/<wbr \/>geral\/20130213-mobilidade-<wbr \/>garante-lugar-do-radio-no-<wbr \/>mundo-digital-dizem-<wbr \/>especialistas<\/a><\/p>\n","protected":false},"excerpt":{"rendered":"<p>Thierry Lefebvre intervient sur France Info et RFI Portugu\u00eas \u00e0 l&rsquo;occasion de la Journ\u00e9e mondiale de la radio. http:\/\/www.portugues.rfi.fr\/geral\/20130213-mobilidade-garante-lugar-do-radio-no-mundo-digital-dizem-especialistas<\/p>\n","protected":false},"author":97,"featured_media":0,"template":"","meta":{"_tribe_events_status":"","_tribe_events_status_reason":"","footnotes":""},"tags":[],"tribe_events_cat":[115],"class_list":["post-884","tribe_events","type-tribe_events","status-publish","hentry","tribe_events_cat-radio","cat_radio","column","onecol"],"_links":{"self":[{"href":"https:\/\/sciences-medias.fr\/blogs\/wp-json\/wp\/v2\/tribe_events\/884","targetHints":{"allow":["GET"]}}],"collection":[{"href":"https:\/\/sciences-medias.fr\/blogs\/wp-json\/wp\/v2\/tribe_events"}],"about":[{"href":"https:\/\/sciences-medias.fr\/blogs\/wp-json\/wp\/v2\/types\/tribe_events"}],"author":[{"embeddable":true,"href":"https:\/\/sciences-medias.fr\/blogs\/wp-json\/wp\/v2\/users\/97"}],"version-history":[{"count":1,"href":"https:\/\/sciences-medias.fr\/blogs\/wp-json\/wp\/v2\/tribe_events\/884\/revisions"}],"predecessor-version":[{"id":4781,"href":"https:\/\/sciences-medias.fr\/blogs\/wp-json\/wp\/v2\/tribe_events\/884\/revisions\/4781"}],"wp:attachment":[{"href":"https:\/\/sciences-medias.fr\/blogs\/wp-json\/wp\/v2\/media?parent=884"}],"wp:term":[{"taxonomy":"post_tag","embeddable":true,"href":"https:\/\/sciences-medias.fr\/blogs\/wp-json\/wp\/v2\/tags?post=884"},{"taxonomy":"tribe_events_cat","embeddable":true,"href":"https:\/\/sciences-medias.fr\/blogs\/wp-json\/wp\/v2\/tribe_events_cat?post=884"}],"curies":[{"name":"wp","href":"https:\/\/api.w.org\/{rel}","templated":true}]}}

Journée mondiale de la radio

<p><a href="https://sciences-medias.fr/blogs/equipe/thierry-lefebvre/">Thierry Lefebvre</a> intervient sur France Info et RFI Português à l&rsquo;occasion de la Journée mondiale de la radio.</p>
<p><a href="http://www.portugues.rfi.fr/geral/20130213-mobilidade-garante-lugar-do-radio-no-mundo-digital-dizem-especialistas" target="_blank" rel="noopener">http://www.portugues.rfi.fr/<wbr />geral/20130213-mobilidade-<wbr />garante-lugar-do-radio-no-<wbr />mundo-digital-dizem-<wbr />especialistas</a></p>

<p>Thierry Lefebvre intervient sur France Info et RFI Português à l&rsquo;occasion de la Journée mondiale de la radio. http://www.portugues.rfi.fr/geral/20130213-mobilidade-garante-lugar-do-radio-no-mundo-digital-dizem-especialistas</p>
