{"id":5894,"date":"2026-09-01T15:58:44","date_gmt":"2026-09-01T13:58:44","guid":{"rendered":"https:\/\/sciences-medias.fr\/blogs\/?post_type=tribe_events&#038;p=5894"},"modified":"2026-09-01T15:58:44","modified_gmt":"2026-09-01T13:58:44","slug":"dans-la-tete-dun-platiste-quand-les-idees-ne-tournent-plus-rond","status":"publish","type":"tribe_events","link":"https:\/\/sciences-medias.fr\/blogs\/event\/dans-la-tete-dun-platiste-quand-les-idees-ne-tournent-plus-rond\/","title":{"rendered":"Dans la t\u00eate d\u2019un platiste. Quand les id\u00e9es ne tournent plus rond"},"content":{"rendered":"<p style=\"font-weight: 400;\"><a href=\"https:\/\/editions.u-pariscite.fr\/dans-la-tete-dun-platiste-quand-les-idees-ne-tournent-plus-rond\/\"><img loading=\"lazy\" decoding=\"async\" class=\"alignleft size-medium wp-image-5895\" src=\"https:\/\/sciences-medias.fr\/blogs\/wp-content\/uploads\/2026\/09\/Couv_platiste_format-site-190x300.png\" alt=\"\" width=\"190\" height=\"300\" srcset=\"https:\/\/sciences-medias.fr\/blogs\/wp-content\/uploads\/2026\/09\/Couv_platiste_format-site-190x300.png 190w, https:\/\/sciences-medias.fr\/blogs\/wp-content\/uploads\/2026\/09\/Couv_platiste_format-site-95x150.png 95w, https:\/\/sciences-medias.fr\/blogs\/wp-content\/uploads\/2026\/09\/Couv_platiste_format-site-332x525.png 332w, https:\/\/sciences-medias.fr\/blogs\/wp-content\/uploads\/2026\/09\/Couv_platiste_format-site.png 520w\" sizes=\"auto, (max-width: 190px) 100vw, 190px\" \/><\/a>Sylvain Chaty est astrophysicien, professeur au Laboratoire Astroparticules et cosmologie et Vice-Pr\u00e9sident Culture, science et soci\u00e9t\u00e9 \u00e0 l\u2019Universit\u00e9 Paris Cit\u00e9. Il est \u00e9galement membre honoraire de l\u2019Institut universitaire de France, sp\u00e9cialiste de l\u2019\u00e9volution stellaire et des astres compacts tels que les trous noirs.<\/p>\n<p style=\"font-weight: 400;\">Pour d\u00e9couvrir son dernier livre en avant-premi\u00e8re, rendez-vous \u00e0 une s\u00e9ance de d\u00e9dicaces <strong>jeudi 3 septembre \u00e0 18h30 <\/strong>\u00e0 la librairie Nicole Maruani, 171 boulevard Vincent Auriol, Paris 13e.<\/p>\n<p style=\"font-weight: 400;\"><a href=\"https:\/\/editions.u-pariscite.fr\/dans-la-tete-dun-platiste-quand-les-idees-ne-tournent-plus-rond\/\">https:\/\/editions.u-pariscite.fr\/dans-la-tete-dun-platiste-quand-les-idees-ne-tournent-plus-rond\/<\/a><\/p>\n","protected":false},"excerpt":{"rendered":"<p>Sylvain Chaty est astrophysicien, professeur au Laboratoire Astroparticules et cosmologie et Vice-Pr\u00e9sident Culture, science et soci\u00e9t\u00e9 \u00e0 l\u2019Universit\u00e9 Paris Cit\u00e9. Il est \u00e9galement membre honoraire de l\u2019Institut universitaire de France, sp\u00e9cialiste de l\u2019\u00e9volution stellaire et des astres compacts tels que les trous noirs. Pour d\u00e9couvrir son dernier livre en avant-premi\u00e8re, &#8230;<\/p>\n","protected":false},"author":97,"featured_media":0,"template":"","meta":{"_tribe_events_status":"","_tribe_events_status_reason":"","footnotes":""},"tags":[],"tribe_events_cat":[139],"class_list":["post-5894","tribe_events","type-tribe_events","status-publish","hentry","tribe_events_cat-parution","cat_parution","column","onecol"],"_links":{"self":[{"href":"https:\/\/sciences-medias.fr\/blogs\/wp-json\/wp\/v2\/tribe_events\/5894","targetHints":{"allow":["GET"]}}],"collection":[{"href":"https:\/\/sciences-medias.fr\/blogs\/wp-json\/wp\/v2\/tribe_events"}],"about":[{"href":"https:\/\/sciences-medias.fr\/blogs\/wp-json\/wp\/v2\/types\/tribe_events"}],"author":[{"embeddable":true,"href":"https:\/\/sciences-medias.fr\/blogs\/wp-json\/wp\/v2\/users\/97"}],"version-history":[{"count":1,"href":"https:\/\/sciences-medias.fr\/blogs\/wp-json\/wp\/v2\/tribe_events\/5894\/revisions"}],"predecessor-version":[{"id":5897,"href":"https:\/\/sciences-medias.fr\/blogs\/wp-json\/wp\/v2\/tribe_events\/5894\/revisions\/5897"}],"wp:attachment":[{"href":"https:\/\/sciences-medias.fr\/blogs\/wp-json\/wp\/v2\/media?parent=5894"}],"wp:term":[{"taxonomy":"post_tag","embeddable":true,"href":"https:\/\/sciences-medias.fr\/blogs\/wp-json\/wp\/v2\/tags?post=5894"},{"taxonomy":"tribe_events_cat","embeddable":true,"href":"https:\/\/sciences-medias.fr\/blogs\/wp-json\/wp\/v2\/tribe_events_cat?post=5894"}],"curies":[{"name":"wp","href":"https:\/\/api.w.org\/{rel}","templated":true}]}}

Dans la tête d’un platiste. Quand les idées ne tournent plus rond

<p style="font-weight: 400;"><a href="https://editions.u-pariscite.fr/dans-la-tete-dun-platiste-quand-les-idees-ne-tournent-plus-rond/"><img loading="lazy" decoding="async" class="alignleft size-medium wp-image-5895" src="https://sciences-medias.fr/blogs/wp-content/uploads/2026/09/Couv_platiste_format-site-190x300.png" alt="" width="190" height="300" srcset="https://sciences-medias.fr/blogs/wp-content/uploads/2026/09/Couv_platiste_format-site-190x300.png 190w, https://sciences-medias.fr/blogs/wp-content/uploads/2026/09/Couv_platiste_format-site-95x150.png 95w, https://sciences-medias.fr/blogs/wp-content/uploads/2026/09/Couv_platiste_format-site-332x525.png 332w, https://sciences-medias.fr/blogs/wp-content/uploads/2026/09/Couv_platiste_format-site.png 520w" sizes="auto, (max-width: 190px) 100vw, 190px" /></a>Sylvain Chaty est astrophysicien, professeur au Laboratoire Astroparticules et cosmologie et Vice-Président Culture, science et société à l’Université Paris Cité. Il est également membre honoraire de l’Institut universitaire de France, spécialiste de l’évolution stellaire et des astres compacts tels que les trous noirs.</p>
<p style="font-weight: 400;">Pour découvrir son dernier livre en avant-première, rendez-vous à une séance de dédicaces <strong>jeudi 3 septembre à 18h30 </strong>à la librairie Nicole Maruani, 171 boulevard Vincent Auriol, Paris 13e.</p>
<p style="font-weight: 400;"><a href="https://editions.u-pariscite.fr/dans-la-tete-dun-platiste-quand-les-idees-ne-tournent-plus-rond/">https://editions.u-pariscite.fr/dans-la-tete-dun-platiste-quand-les-idees-ne-tournent-plus-rond/</a></p>

<p>Sylvain Chaty est astrophysicien, professeur au Laboratoire Astroparticules et cosmologie et Vice-Président Culture, science et société à l’Université Paris Cité. Il est également membre honoraire de l’Institut universitaire de France, spécialiste de l’évolution stellaire et des astres compacts tels que les trous noirs. Pour découvrir son dernier livre en avant-première, &#8230;</p>
