{"id":5561,"date":"2025-05-23T15:07:32","date_gmt":"2025-05-23T13:07:32","guid":{"rendered":"https:\/\/sciences-medias.fr\/blogs\/?post_type=tribe_events&#038;p=5561"},"modified":"2025-05-23T15:07:32","modified_gmt":"2025-05-23T13:07:32","slug":"festival-doublescience-2025","status":"publish","type":"tribe_events","link":"https:\/\/sciences-medias.fr\/blogs\/event\/festival-doublescience-2025\/","title":{"rendered":"Festival Double\u2022Science 2025"},"content":{"rendered":"<p><a href=\"https:\/\/www.festivaldoublescience.fr\/\"><img loading=\"lazy\" decoding=\"async\" class=\"alignleft wp-image-5562 size-medium\" src=\"https:\/\/sciences-medias.fr\/blogs\/wp-content\/uploads\/2025\/05\/Logo-Double-Science-2024-1080x675-1-300x188.png\" alt=\"\" width=\"300\" height=\"188\" srcset=\"https:\/\/sciences-medias.fr\/blogs\/wp-content\/uploads\/2025\/05\/Logo-Double-Science-2024-1080x675-1-300x188.png 300w, https:\/\/sciences-medias.fr\/blogs\/wp-content\/uploads\/2025\/05\/Logo-Double-Science-2024-1080x675-1-1024x640.png 1024w, https:\/\/sciences-medias.fr\/blogs\/wp-content\/uploads\/2025\/05\/Logo-Double-Science-2024-1080x675-1-150x94.png 150w, https:\/\/sciences-medias.fr\/blogs\/wp-content\/uploads\/2025\/05\/Logo-Double-Science-2024-1080x675-1-768x480.png 768w, https:\/\/sciences-medias.fr\/blogs\/wp-content\/uploads\/2025\/05\/Logo-Double-Science-2024-1080x675-1-700x438.png 700w, https:\/\/sciences-medias.fr\/blogs\/wp-content\/uploads\/2025\/05\/Logo-Double-Science-2024-1080x675-1-332x208.png 332w, https:\/\/sciences-medias.fr\/blogs\/wp-content\/uploads\/2025\/05\/Logo-Double-Science-2024-1080x675-1.png 1080w\" sizes=\"auto, (max-width: 300px) 100vw, 300px\" \/><\/a>Le master <em>Audiovisuel, Journalisme et Communication Scientifiques<\/em> participe \u00e0 la 3<sup>e<\/sup> \u00e9dition du Festival Double\u2022Science, samedi 14 et dimanche 15 juin au <a href=\"https:\/\/www.groundcontrolparis.com\/\">Ground Control<\/a> \u00e0 Paris.<\/p>\n<p>L&rsquo;Universit\u00e9 Paris Cit\u00e9 est <a href=\"https:\/\/u-paris.fr\/appel-a-contribution-festival-double-science-2025\/\">partenaire de l&rsquo;\u00e9v\u00e9nement<\/a>.<\/p>\n<p>Toutes les infos sont sur <a href=\"https:\/\/www.festivaldoublescience.fr\/\">https:\/\/www.festivaldoublescience.fr\/<\/a><\/p>\n","protected":false},"excerpt":{"rendered":"<p>Le master Audiovisuel, Journalisme et Communication Scientifiques participe \u00e0 la 3e \u00e9dition du Festival Double\u2022Science, samedi 14 et dimanche 15 juin au Ground Control \u00e0 Paris. L&rsquo;Universit\u00e9 Paris Cit\u00e9 est partenaire de l&rsquo;\u00e9v\u00e9nement. Toutes les infos sont sur https:\/\/www.festivaldoublescience.fr\/<\/p>\n","protected":false},"author":97,"featured_media":0,"template":"","meta":{"_tribe_events_status":"","_tribe_events_status_reason":"","footnotes":""},"tags":[],"tribe_events_cat":[97],"class_list":["post-5561","tribe_events","type-tribe_events","status-publish","hentry","tribe_events_cat-manifestations","cat_manifestations","column","onecol"],"_links":{"self":[{"href":"https:\/\/sciences-medias.fr\/blogs\/wp-json\/wp\/v2\/tribe_events\/5561","targetHints":{"allow":["GET"]}}],"collection":[{"href":"https:\/\/sciences-medias.fr\/blogs\/wp-json\/wp\/v2\/tribe_events"}],"about":[{"href":"https:\/\/sciences-medias.fr\/blogs\/wp-json\/wp\/v2\/types\/tribe_events"}],"author":[{"embeddable":true,"href":"https:\/\/sciences-medias.fr\/blogs\/wp-json\/wp\/v2\/users\/97"}],"version-history":[{"count":1,"href":"https:\/\/sciences-medias.fr\/blogs\/wp-json\/wp\/v2\/tribe_events\/5561\/revisions"}],"predecessor-version":[{"id":5563,"href":"https:\/\/sciences-medias.fr\/blogs\/wp-json\/wp\/v2\/tribe_events\/5561\/revisions\/5563"}],"wp:attachment":[{"href":"https:\/\/sciences-medias.fr\/blogs\/wp-json\/wp\/v2\/media?parent=5561"}],"wp:term":[{"taxonomy":"post_tag","embeddable":true,"href":"https:\/\/sciences-medias.fr\/blogs\/wp-json\/wp\/v2\/tags?post=5561"},{"taxonomy":"tribe_events_cat","embeddable":true,"href":"https:\/\/sciences-medias.fr\/blogs\/wp-json\/wp\/v2\/tribe_events_cat?post=5561"}],"curies":[{"name":"wp","href":"https:\/\/api.w.org\/{rel}","templated":true}]}}

<p><a href="https://www.festivaldoublescience.fr/"><img loading="lazy" decoding="async" class="alignleft wp-image-5562 size-medium" src="https://sciences-medias.fr/blogs/wp-content/uploads/2025/05/Logo-Double-Science-2024-1080x675-1-300x188.png" alt="" width="300" height="188" srcset="https://sciences-medias.fr/blogs/wp-content/uploads/2025/05/Logo-Double-Science-2024-1080x675-1-300x188.png 300w, https://sciences-medias.fr/blogs/wp-content/uploads/2025/05/Logo-Double-Science-2024-1080x675-1-1024x640.png 1024w, https://sciences-medias.fr/blogs/wp-content/uploads/2025/05/Logo-Double-Science-2024-1080x675-1-150x94.png 150w, https://sciences-medias.fr/blogs/wp-content/uploads/2025/05/Logo-Double-Science-2024-1080x675-1-768x480.png 768w, https://sciences-medias.fr/blogs/wp-content/uploads/2025/05/Logo-Double-Science-2024-1080x675-1-700x438.png 700w, https://sciences-medias.fr/blogs/wp-content/uploads/2025/05/Logo-Double-Science-2024-1080x675-1-332x208.png 332w, https://sciences-medias.fr/blogs/wp-content/uploads/2025/05/Logo-Double-Science-2024-1080x675-1.png 1080w" sizes="auto, (max-width: 300px) 100vw, 300px" /></a>Le master <em>Audiovisuel, Journalisme et Communication Scientifiques</em> participe à la 3<sup>e</sup> édition du Festival Double•Science, samedi 14 et dimanche 15 juin au <a href="https://www.groundcontrolparis.com/">Ground Control</a> à Paris.</p>
<p>L&rsquo;Université Paris Cité est <a href="https://u-paris.fr/appel-a-contribution-festival-double-science-2025/">partenaire de l&rsquo;événement</a>.</p>
<p>Toutes les infos sont sur <a href="https://www.festivaldoublescience.fr/">https://www.festivaldoublescience.fr/</a></p>

<p>Le master Audiovisuel, Journalisme et Communication Scientifiques participe à la 3e édition du Festival Double•Science, samedi 14 et dimanche 15 juin au Ground Control à Paris. L&rsquo;Université Paris Cité est partenaire de l&rsquo;événement. Toutes les infos sont sur https://www.festivaldoublescience.fr/</p>
