{"id":5557,"date":"2025-05-23T14:58:47","date_gmt":"2025-05-23T12:58:47","guid":{"rendered":"https:\/\/sciences-medias.fr\/blogs\/?post_type=tribe_events&#038;p=5557"},"modified":"2025-05-23T14:58:47","modified_gmt":"2025-05-23T12:58:47","slug":"nuit-de-la-mediation-scientifique","status":"publish","type":"tribe_events","link":"https:\/\/sciences-medias.fr\/blogs\/event\/nuit-de-la-mediation-scientifique\/","title":{"rendered":"Nuit de la m\u00e9diation scientifique"},"content":{"rendered":"<p><a href=\"https:\/\/www.academie-sciences.fr\/la-nuit-de-la-mediation-scientifique\"><img loading=\"lazy\" decoding=\"async\" class=\"alignleft size-medium wp-image-5558\" src=\"https:\/\/sciences-medias.fr\/blogs\/wp-content\/uploads\/2025\/05\/logo-Academie-des-sciences-300x169.png\" alt=\"\" width=\"300\" height=\"169\" srcset=\"https:\/\/sciences-medias.fr\/blogs\/wp-content\/uploads\/2025\/05\/logo-Academie-des-sciences-300x169.png 300w, https:\/\/sciences-medias.fr\/blogs\/wp-content\/uploads\/2025\/05\/logo-Academie-des-sciences-1024x576.png 1024w, https:\/\/sciences-medias.fr\/blogs\/wp-content\/uploads\/2025\/05\/logo-Academie-des-sciences-150x84.png 150w, https:\/\/sciences-medias.fr\/blogs\/wp-content\/uploads\/2025\/05\/logo-Academie-des-sciences-768x432.png 768w, https:\/\/sciences-medias.fr\/blogs\/wp-content\/uploads\/2025\/05\/logo-Academie-des-sciences-1536x864.png 1536w, https:\/\/sciences-medias.fr\/blogs\/wp-content\/uploads\/2025\/05\/logo-Academie-des-sciences-700x393.png 700w, https:\/\/sciences-medias.fr\/blogs\/wp-content\/uploads\/2025\/05\/logo-Academie-des-sciences-332x187.png 332w, https:\/\/sciences-medias.fr\/blogs\/wp-content\/uploads\/2025\/05\/logo-Academie-des-sciences.png 1599w\" sizes=\"auto, (max-width: 300px) 100vw, 300px\" \/><\/a>Mardi 3 juin 2025, des \u00e9tudiants de premi\u00e8re et deuxi\u00e8me ann\u00e9e du master AJCS participent avec <a href=\"https:\/\/sciences-medias.fr\/blogs\/equipe\/elsa-poupardin\/\">Elsa Poupardin<\/a>, Fouzia Zerari et <a href=\"https:\/\/sciences-medias.fr\/blogs\/equipe\/frederic-tournier\/\">Fr\u00e9d\u00e9ric Tournier<\/a> \u00e0 la Nuit de la m\u00e9diation scientifique de l&rsquo;Acad\u00e9mie des sciences, sous la coupole de l&rsquo;Institut de France !<\/p>\n<p>Programme et informations <a href=\"https:\/\/www.academie-sciences.fr\/la-nuit-de-la-mediation-scientifique\">sur le site de l&rsquo;Acad\u00e9mie des sciences<\/a>.<\/p>\n","protected":false},"excerpt":{"rendered":"<p>Mardi 3 juin 2025, des \u00e9tudiants de premi\u00e8re et deuxi\u00e8me ann\u00e9e du master AJCS participent avec Elsa Poupardin, Fouzia Zerari et Fr\u00e9d\u00e9ric Tournier \u00e0 la Nuit de la m\u00e9diation scientifique de l&rsquo;Acad\u00e9mie des sciences, sous la coupole de l&rsquo;Institut de France ! Programme et informations sur le site de l&rsquo;Acad\u00e9mie &#8230;<\/p>\n","protected":false},"author":97,"featured_media":0,"template":"","meta":{"_tribe_events_status":"","_tribe_events_status_reason":"","footnotes":""},"tags":[],"tribe_events_cat":[97],"class_list":["post-5557","tribe_events","type-tribe_events","status-publish","hentry","tribe_events_cat-manifestations","cat_manifestations","column","onecol"],"_links":{"self":[{"href":"https:\/\/sciences-medias.fr\/blogs\/wp-json\/wp\/v2\/tribe_events\/5557","targetHints":{"allow":["GET"]}}],"collection":[{"href":"https:\/\/sciences-medias.fr\/blogs\/wp-json\/wp\/v2\/tribe_events"}],"about":[{"href":"https:\/\/sciences-medias.fr\/blogs\/wp-json\/wp\/v2\/types\/tribe_events"}],"author":[{"embeddable":true,"href":"https:\/\/sciences-medias.fr\/blogs\/wp-json\/wp\/v2\/users\/97"}],"version-history":[{"count":1,"href":"https:\/\/sciences-medias.fr\/blogs\/wp-json\/wp\/v2\/tribe_events\/5557\/revisions"}],"predecessor-version":[{"id":5560,"href":"https:\/\/sciences-medias.fr\/blogs\/wp-json\/wp\/v2\/tribe_events\/5557\/revisions\/5560"}],"wp:attachment":[{"href":"https:\/\/sciences-medias.fr\/blogs\/wp-json\/wp\/v2\/media?parent=5557"}],"wp:term":[{"taxonomy":"post_tag","embeddable":true,"href":"https:\/\/sciences-medias.fr\/blogs\/wp-json\/wp\/v2\/tags?post=5557"},{"taxonomy":"tribe_events_cat","embeddable":true,"href":"https:\/\/sciences-medias.fr\/blogs\/wp-json\/wp\/v2\/tribe_events_cat?post=5557"}],"curies":[{"name":"wp","href":"https:\/\/api.w.org\/{rel}","templated":true}]}}

Nuit de la médiation scientifique

<p><a href="https://www.academie-sciences.fr/la-nuit-de-la-mediation-scientifique"><img loading="lazy" decoding="async" class="alignleft size-medium wp-image-5558" src="https://sciences-medias.fr/blogs/wp-content/uploads/2025/05/logo-Academie-des-sciences-300x169.png" alt="" width="300" height="169" srcset="https://sciences-medias.fr/blogs/wp-content/uploads/2025/05/logo-Academie-des-sciences-300x169.png 300w, https://sciences-medias.fr/blogs/wp-content/uploads/2025/05/logo-Academie-des-sciences-1024x576.png 1024w, https://sciences-medias.fr/blogs/wp-content/uploads/2025/05/logo-Academie-des-sciences-150x84.png 150w, https://sciences-medias.fr/blogs/wp-content/uploads/2025/05/logo-Academie-des-sciences-768x432.png 768w, https://sciences-medias.fr/blogs/wp-content/uploads/2025/05/logo-Academie-des-sciences-1536x864.png 1536w, https://sciences-medias.fr/blogs/wp-content/uploads/2025/05/logo-Academie-des-sciences-700x393.png 700w, https://sciences-medias.fr/blogs/wp-content/uploads/2025/05/logo-Academie-des-sciences-332x187.png 332w, https://sciences-medias.fr/blogs/wp-content/uploads/2025/05/logo-Academie-des-sciences.png 1599w" sizes="auto, (max-width: 300px) 100vw, 300px" /></a>Mardi 3 juin 2025, des étudiants de première et deuxième année du master AJCS participent avec <a href="https://sciences-medias.fr/blogs/equipe/elsa-poupardin/">Elsa Poupardin</a>, Fouzia Zerari et <a href="https://sciences-medias.fr/blogs/equipe/frederic-tournier/">Frédéric Tournier</a> à la Nuit de la médiation scientifique de l&rsquo;Académie des sciences, sous la coupole de l&rsquo;Institut de France !</p>
<p>Programme et informations <a href="https://www.academie-sciences.fr/la-nuit-de-la-mediation-scientifique">sur le site de l&rsquo;Académie des sciences</a>.</p>

<p>Mardi 3 juin 2025, des étudiants de première et deuxième année du master AJCS participent avec Elsa Poupardin, Fouzia Zerari et Frédéric Tournier à la Nuit de la médiation scientifique de l&rsquo;Académie des sciences, sous la coupole de l&rsquo;Institut de France ! Programme et informations sur le site de l&rsquo;Académie &#8230;</p>
