{"id":5548,"date":"2025-05-06T11:20:12","date_gmt":"2025-05-06T09:20:12","guid":{"rendered":"https:\/\/sciences-medias.fr\/blogs\/?post_type=tribe_events&#038;p=5548"},"modified":"2025-05-06T15:33:13","modified_gmt":"2025-05-06T13:33:13","slug":"conference-la-science-dans-loeuvre-de-dumas-lignorant","status":"publish","type":"tribe_events","link":"https:\/\/sciences-medias.fr\/blogs\/event\/conference-la-science-dans-loeuvre-de-dumas-lignorant\/","title":{"rendered":"Conf\u00e9rence : La science dans l&rsquo;\u0153uvre de Dumas \u00ab l&rsquo;ignorant \u00bb"},"content":{"rendered":"<p>Conf\u00e9rence pr\u00e9sent\u00e9e dans le cadre du <a href=\"https:\/\/resonances-festival.fr\/\">festival R\u00e9sonances<\/a> du <a href=\"https:\/\/reseaumaisonsecrivain-hdf.fr\/\">R\u00e9seau des maisons d\u2019\u00e9crivain et des patrimoines litt\u00e9raires des Hauts-de-France<\/a>.<\/p>\n<p>Samedi 24 mai 2025 de 14h30 \u00e0 16h<br \/>\n\u00e0 la m\u00e9diath\u00e8que Alexandre Dumas de Villers-Cotter\u00eats<\/p>\n<p>Par C\u00e9cile Raynal, docteure en pharmacie, membre de la Soci\u00e9t\u00e9 d\u2019histoire de la pharmacie.<\/p>\n<p><a href=\"https:\/\/www.aisne.com\/evenements\/festival-resonances-conference-science-dans-loeuvre-dumas-lignorant\"><img loading=\"lazy\" decoding=\"async\" class=\"alignnone wp-image-5549 size-full\" src=\"https:\/\/sciences-medias.fr\/blogs\/wp-content\/uploads\/2025\/05\/La-science-dans-l-oeuvre-de-Dumas-l-ignorant.png\" alt=\"\" width=\"855\" height=\"513\" srcset=\"https:\/\/sciences-medias.fr\/blogs\/wp-content\/uploads\/2025\/05\/La-science-dans-l-oeuvre-de-Dumas-l-ignorant.png 855w, https:\/\/sciences-medias.fr\/blogs\/wp-content\/uploads\/2025\/05\/La-science-dans-l-oeuvre-de-Dumas-l-ignorant-300x180.png 300w, https:\/\/sciences-medias.fr\/blogs\/wp-content\/uploads\/2025\/05\/La-science-dans-l-oeuvre-de-Dumas-l-ignorant-150x90.png 150w, https:\/\/sciences-medias.fr\/blogs\/wp-content\/uploads\/2025\/05\/La-science-dans-l-oeuvre-de-Dumas-l-ignorant-768x461.png 768w, https:\/\/sciences-medias.fr\/blogs\/wp-content\/uploads\/2025\/05\/La-science-dans-l-oeuvre-de-Dumas-l-ignorant-700x420.png 700w, https:\/\/sciences-medias.fr\/blogs\/wp-content\/uploads\/2025\/05\/La-science-dans-l-oeuvre-de-Dumas-l-ignorant-332x199.png 332w\" sizes=\"auto, (max-width: 855px) 100vw, 855px\" \/><\/a><\/p>\n<p>Alexandre Dumas p\u00e8re d\u00e9clarait : \u00ab Il y a une chose que je ne sais pas faire : c\u2019est un livre ou un drame sur des localit\u00e9s que je n\u2019ai pas vues. [\u2026] Cela donne un tel caract\u00e8re de v\u00e9rit\u00e9 \u00e0 ce que je fais que les personnages que je plante poussent parfois aux endroits o\u00f9 je les ai plant\u00e9s, de telle fa\u00e7on que quelques-uns finissent par croire qu\u2019ils ont exist\u00e9. \u00bb*<br \/>\nDe m\u00eame, ses descriptions m\u00e9dicales et toxicologiques brillent elles aussi de cet \u00e9clat de r\u00e9alit\u00e9.<br \/>\nComment l\u2019auteur s\u2019est-il document\u00e9 sur ces questions ?<br \/>\nQuels personnages de m\u00e9decins a-t-il cr\u00e9\u00e9s ?<br \/>\nQuelle place les poisons occupent-ils dans ses r\u00e9cits ?<\/p>\n<p>Cette conf\u00e9rence originale r\u00e9pondra \u00e0 ces questions pour mettre en lumi\u00e8re un aspect souvent m\u00e9connu de l\u2019\u0153uvre de Dumas.<\/p>\n<p>*<em>Les Compagnons de J\u00e9hu<\/em>, Alexandre Dumas p\u00e8re, \u00c9ditions Ph\u00e9bus, Paris, 2006.<\/p>\n<p>Plus d&rsquo;informations <a href=\"https:\/\/resonances-festival.fr\/\">sur le site du festival R\u00e9sonances<\/a>.<\/p>\n","protected":false},"excerpt":{"rendered":"<p>Conf\u00e9rence pr\u00e9sent\u00e9e dans le cadre du festival R\u00e9sonances du R\u00e9seau des maisons d\u2019\u00e9crivain et des patrimoines litt\u00e9raires des Hauts-de-France. Samedi 24 mai 2025 de 14h30 \u00e0 16h \u00e0 la m\u00e9diath\u00e8que Alexandre Dumas de Villers-Cotter\u00eats Par C\u00e9cile Raynal, docteure en pharmacie, membre de la Soci\u00e9t\u00e9 d\u2019histoire de la pharmacie. Alexandre Dumas &#8230;<\/p>\n","protected":false},"author":97,"featured_media":0,"template":"","meta":{"_tribe_events_status":"","_tribe_events_status_reason":"","footnotes":""},"tags":[],"tribe_events_cat":[64],"class_list":["post-5548","tribe_events","type-tribe_events","status-publish","hentry","tribe_events_cat-conferences","cat_conferences","column","onecol"],"_links":{"self":[{"href":"https:\/\/sciences-medias.fr\/blogs\/wp-json\/wp\/v2\/tribe_events\/5548","targetHints":{"allow":["GET"]}}],"collection":[{"href":"https:\/\/sciences-medias.fr\/blogs\/wp-json\/wp\/v2\/tribe_events"}],"about":[{"href":"https:\/\/sciences-medias.fr\/blogs\/wp-json\/wp\/v2\/types\/tribe_events"}],"author":[{"embeddable":true,"href":"https:\/\/sciences-medias.fr\/blogs\/wp-json\/wp\/v2\/users\/97"}],"version-history":[{"count":1,"href":"https:\/\/sciences-medias.fr\/blogs\/wp-json\/wp\/v2\/tribe_events\/5548\/revisions"}],"predecessor-version":[{"id":5551,"href":"https:\/\/sciences-medias.fr\/blogs\/wp-json\/wp\/v2\/tribe_events\/5548\/revisions\/5551"}],"wp:attachment":[{"href":"https:\/\/sciences-medias.fr\/blogs\/wp-json\/wp\/v2\/media?parent=5548"}],"wp:term":[{"taxonomy":"post_tag","embeddable":true,"href":"https:\/\/sciences-medias.fr\/blogs\/wp-json\/wp\/v2\/tags?post=5548"},{"taxonomy":"tribe_events_cat","embeddable":true,"href":"https:\/\/sciences-medias.fr\/blogs\/wp-json\/wp\/v2\/tribe_events_cat?post=5548"}],"curies":[{"name":"wp","href":"https:\/\/api.w.org\/{rel}","templated":true}]}}

Conférence : La science dans l&rsquo;œuvre de Dumas « l&rsquo;ignorant »

<p>Conférence présentée dans le cadre du <a href="https://resonances-festival.fr/">festival Résonances</a> du <a href="https://reseaumaisonsecrivain-hdf.fr/">Réseau des maisons d’écrivain et des patrimoines littéraires des Hauts-de-France</a>.</p>
<p>Samedi 24 mai 2025 de 14h30 à 16h<br />
à la médiathèque Alexandre Dumas de Villers-Cotterêts</p>
<p>Par Cécile Raynal, docteure en pharmacie, membre de la Société d’histoire de la pharmacie.</p>
<p><a href="https://www.aisne.com/evenements/festival-resonances-conference-science-dans-loeuvre-dumas-lignorant"><img loading="lazy" decoding="async" class="alignnone wp-image-5549 size-full" src="https://sciences-medias.fr/blogs/wp-content/uploads/2025/05/La-science-dans-l-oeuvre-de-Dumas-l-ignorant.png" alt="" width="855" height="513" srcset="https://sciences-medias.fr/blogs/wp-content/uploads/2025/05/La-science-dans-l-oeuvre-de-Dumas-l-ignorant.png 855w, https://sciences-medias.fr/blogs/wp-content/uploads/2025/05/La-science-dans-l-oeuvre-de-Dumas-l-ignorant-300x180.png 300w, https://sciences-medias.fr/blogs/wp-content/uploads/2025/05/La-science-dans-l-oeuvre-de-Dumas-l-ignorant-150x90.png 150w, https://sciences-medias.fr/blogs/wp-content/uploads/2025/05/La-science-dans-l-oeuvre-de-Dumas-l-ignorant-768x461.png 768w, https://sciences-medias.fr/blogs/wp-content/uploads/2025/05/La-science-dans-l-oeuvre-de-Dumas-l-ignorant-700x420.png 700w, https://sciences-medias.fr/blogs/wp-content/uploads/2025/05/La-science-dans-l-oeuvre-de-Dumas-l-ignorant-332x199.png 332w" sizes="auto, (max-width: 855px) 100vw, 855px" /></a></p>
<p>Alexandre Dumas père déclarait : « Il y a une chose que je ne sais pas faire : c’est un livre ou un drame sur des localités que je n’ai pas vues. […] Cela donne un tel caractère de vérité à ce que je fais que les personnages que je plante poussent parfois aux endroits où je les ai plantés, de telle façon que quelques-uns finissent par croire qu’ils ont existé. »*<br />
De même, ses descriptions médicales et toxicologiques brillent elles aussi de cet éclat de réalité.<br />
Comment l’auteur s’est-il documenté sur ces questions ?<br />
Quels personnages de médecins a-t-il créés ?<br />
Quelle place les poisons occupent-ils dans ses récits ?</p>
<p>Cette conférence originale répondra à ces questions pour mettre en lumière un aspect souvent méconnu de l’œuvre de Dumas.</p>
<p>*<em>Les Compagnons de Jéhu</em>, Alexandre Dumas père, Éditions Phébus, Paris, 2006.</p>
<p>Plus d&rsquo;informations <a href="https://resonances-festival.fr/">sur le site du festival Résonances</a>.</p>

<p>Conférence présentée dans le cadre du festival Résonances du Réseau des maisons d’écrivain et des patrimoines littéraires des Hauts-de-France. Samedi 24 mai 2025 de 14h30 à 16h à la médiathèque Alexandre Dumas de Villers-Cotterêts Par Cécile Raynal, docteure en pharmacie, membre de la Société d’histoire de la pharmacie. Alexandre Dumas &#8230;</p>
