{"id":5541,"date":"2025-05-06T10:14:13","date_gmt":"2025-05-06T08:14:13","guid":{"rendered":"https:\/\/sciences-medias.fr\/blogs\/?post_type=tribe_events&#038;p=5541"},"modified":"2025-05-06T15:20:51","modified_gmt":"2025-05-06T13:20:51","slug":"seminaire-la-radio-des-exils","status":"publish","type":"tribe_events","link":"https:\/\/sciences-medias.fr\/blogs\/event\/seminaire-la-radio-des-exils\/","title":{"rendered":"S\u00e9minaire : la radio des exils"},"content":{"rendered":"<p><img loading=\"lazy\" decoding=\"async\" class=\"alignleft wp-image-5542 size-medium\" src=\"https:\/\/sciences-medias.fr\/blogs\/wp-content\/uploads\/2025\/05\/Logo-GRER-300x145.jpg\" alt=\"\" width=\"300\" height=\"145\" srcset=\"https:\/\/sciences-medias.fr\/blogs\/wp-content\/uploads\/2025\/05\/Logo-GRER-300x145.jpg 300w, https:\/\/sciences-medias.fr\/blogs\/wp-content\/uploads\/2025\/05\/Logo-GRER-150x73.jpg 150w, https:\/\/sciences-medias.fr\/blogs\/wp-content\/uploads\/2025\/05\/Logo-GRER-332x161.jpg 332w, https:\/\/sciences-medias.fr\/blogs\/wp-content\/uploads\/2025\/05\/Logo-GRER.jpg 690w\" sizes=\"auto, (max-width: 300px) 100vw, 300px\" \/>Le Groupe de Recherches et d\u2019\u00c9tudes sur la Radio (GRER) organise un s\u00e9minaire en ligne consacr\u00e9 \u00e0 l\u2019interaction entre radio et migrations, une th\u00e9matique d\u00e9j\u00e0 abord\u00e9e dans le num\u00e9ro 12 de la revue Radiomorphoses. Cette rencontre vise \u00e0 interroger la repr\u00e9sentation des migrants dans les m\u00e9dias radiophoniques, souvent cantonn\u00e9e \u00e0 des r\u00e9cits dramatiques ou victimaires.<\/p>\n<p>Marine Beccarelli pr\u00e9sentera un travail sur \u00ab\u00a0L\u2019autre Radio Paris\u00a0\u00bb, analysant le r\u00f4le de la radio de l\u2019exil espagnol en France entre 1945 et 1974.<br \/>\nLassan\u00e8 Yam\u00e9ogo s\u2019int\u00e9ressera \u00e0 l\u2019\u00e9mission \u00ab\u00a0All\u00f4 diaspora\u00a0\u00bb qui visait \u00e0 \u00ab\u00a0tracer et dresser les probl\u00e8mes de l\u2019\u00e9migration burkinab\u00e8\u00a0\u00bb, \u00e0 travers une \u00e9tude des repr\u00e9sentations sociales li\u00e9es \u00e0 cette \u00e9mission.<br \/>\nEnfin,\u00a0<a href=\"https:\/\/sciences-medias.fr\/blogs\/equipe\/thierry-lefebvre\/\">Thierry Lefebvre<\/a> proposera une analyse de la r\u00e9gulation des radios de l\u2019immigration \u00e0 Paris, au d\u00e9but des ann\u00e9es 1980, p\u00e9riode marqu\u00e9e par un d\u00e9bat public sur la visibilit\u00e9 des communaut\u00e9s migrantes \u00e0 l\u2019antenne.<\/p>\n<p>Le s\u00e9minaire se tiendra en ligne le samedi 17 mai 2025, de 9h \u00e0 11h30.<\/p>\n<p>Informations et lien Zoom : <a href=\"https:\/\/www.lalettre.pro\/Le-GRER-consacre-un-seminaire-a-la-radio-des-exils_a37845.html\">https:\/\/www.lalettre.pro\/Le-GRER-consacre-un-seminaire-a-la-radio-des-exils_a37845.html<\/a><\/p>\n","protected":false},"excerpt":{"rendered":"<p>Le Groupe de Recherches et d\u2019\u00c9tudes sur la Radio (GRER) organise un s\u00e9minaire en ligne consacr\u00e9 \u00e0 l\u2019interaction entre radio et migrations, une th\u00e9matique d\u00e9j\u00e0 abord\u00e9e dans le num\u00e9ro 12 de la revue Radiomorphoses. Cette rencontre vise \u00e0 interroger la repr\u00e9sentation des migrants dans les m\u00e9dias radiophoniques, souvent cantonn\u00e9e \u00e0 &#8230;<\/p>\n","protected":false},"author":97,"featured_media":0,"template":"","meta":{"_tribe_events_status":"","_tribe_events_status_reason":"","footnotes":""},"tags":[],"tribe_events_cat":[113],"class_list":["post-5541","tribe_events","type-tribe_events","status-publish","hentry","tribe_events_cat-seminaires","cat_seminaires","column","onecol"],"_links":{"self":[{"href":"https:\/\/sciences-medias.fr\/blogs\/wp-json\/wp\/v2\/tribe_events\/5541","targetHints":{"allow":["GET"]}}],"collection":[{"href":"https:\/\/sciences-medias.fr\/blogs\/wp-json\/wp\/v2\/tribe_events"}],"about":[{"href":"https:\/\/sciences-medias.fr\/blogs\/wp-json\/wp\/v2\/types\/tribe_events"}],"author":[{"embeddable":true,"href":"https:\/\/sciences-medias.fr\/blogs\/wp-json\/wp\/v2\/users\/97"}],"version-history":[{"count":4,"href":"https:\/\/sciences-medias.fr\/blogs\/wp-json\/wp\/v2\/tribe_events\/5541\/revisions"}],"predecessor-version":[{"id":5546,"href":"https:\/\/sciences-medias.fr\/blogs\/wp-json\/wp\/v2\/tribe_events\/5541\/revisions\/5546"}],"wp:attachment":[{"href":"https:\/\/sciences-medias.fr\/blogs\/wp-json\/wp\/v2\/media?parent=5541"}],"wp:term":[{"taxonomy":"post_tag","embeddable":true,"href":"https:\/\/sciences-medias.fr\/blogs\/wp-json\/wp\/v2\/tags?post=5541"},{"taxonomy":"tribe_events_cat","embeddable":true,"href":"https:\/\/sciences-medias.fr\/blogs\/wp-json\/wp\/v2\/tribe_events_cat?post=5541"}],"curies":[{"name":"wp","href":"https:\/\/api.w.org\/{rel}","templated":true}]}}

Séminaire : la radio des exils

<p><img loading="lazy" decoding="async" class="alignleft wp-image-5542 size-medium" src="https://sciences-medias.fr/blogs/wp-content/uploads/2025/05/Logo-GRER-300x145.jpg" alt="" width="300" height="145" srcset="https://sciences-medias.fr/blogs/wp-content/uploads/2025/05/Logo-GRER-300x145.jpg 300w, https://sciences-medias.fr/blogs/wp-content/uploads/2025/05/Logo-GRER-150x73.jpg 150w, https://sciences-medias.fr/blogs/wp-content/uploads/2025/05/Logo-GRER-332x161.jpg 332w, https://sciences-medias.fr/blogs/wp-content/uploads/2025/05/Logo-GRER.jpg 690w" sizes="auto, (max-width: 300px) 100vw, 300px" />Le Groupe de Recherches et d’Études sur la Radio (GRER) organise un séminaire en ligne consacré à l’interaction entre radio et migrations, une thématique déjà abordée dans le numéro 12 de la revue Radiomorphoses. Cette rencontre vise à interroger la représentation des migrants dans les médias radiophoniques, souvent cantonnée à des récits dramatiques ou victimaires.</p>
<p>Marine Beccarelli présentera un travail sur « L’autre Radio Paris », analysant le rôle de la radio de l’exil espagnol en France entre 1945 et 1974.<br />
Lassanè Yaméogo s’intéressera à l’émission « Allô diaspora » qui visait à « tracer et dresser les problèmes de l’émigration burkinabè », à travers une étude des représentations sociales liées à cette émission.<br />
Enfin, <a href="https://sciences-medias.fr/blogs/equipe/thierry-lefebvre/">Thierry Lefebvre</a> proposera une analyse de la régulation des radios de l’immigration à Paris, au début des années 1980, période marquée par un débat public sur la visibilité des communautés migrantes à l’antenne.</p>
<p>Le séminaire se tiendra en ligne le samedi 17 mai 2025, de 9h à 11h30.</p>
<p>Informations et lien Zoom : <a href="https://www.lalettre.pro/Le-GRER-consacre-un-seminaire-a-la-radio-des-exils_a37845.html">https://www.lalettre.pro/Le-GRER-consacre-un-seminaire-a-la-radio-des-exils_a37845.html</a></p>

<p>Le Groupe de Recherches et d’Études sur la Radio (GRER) organise un séminaire en ligne consacré à l’interaction entre radio et migrations, une thématique déjà abordée dans le numéro 12 de la revue Radiomorphoses. Cette rencontre vise à interroger la représentation des migrants dans les médias radiophoniques, souvent cantonnée à &#8230;</p>
