{"id":5134,"date":"2024-02-16T15:05:54","date_gmt":"2024-02-16T14:05:54","guid":{"rendered":"https:\/\/sciences-medias.fr\/blogs\/?post_type=tribe_events&#038;p=5134"},"modified":"2024-02-16T15:07:02","modified_gmt":"2024-02-16T14:07:02","slug":"apero-debat-le-retour-en-force-de-la-newsletter","status":"publish","type":"tribe_events","link":"https:\/\/sciences-medias.fr\/blogs\/event\/apero-debat-le-retour-en-force-de-la-newsletter\/","title":{"rendered":"Ap\u00e9ro-d\u00e9bat &#8211; Le retour en force de la newsletter"},"content":{"rendered":"<p><a href=\"https:\/\/www.ajspi.com\/activites\/apero-debat-du-28-fevrier-comment-realiser-son-documentaire-scientifique\/\"><img loading=\"lazy\" decoding=\"async\" class=\"aligncenter size-full wp-image-5135\" src=\"https:\/\/sciences-medias.fr\/blogs\/wp-content\/uploads\/2024\/02\/AJSPI_apero_debat_newsletter.jpg\" alt=\"\" width=\"1000\" height=\"1000\" srcset=\"https:\/\/sciences-medias.fr\/blogs\/wp-content\/uploads\/2024\/02\/AJSPI_apero_debat_newsletter.jpg 1000w, https:\/\/sciences-medias.fr\/blogs\/wp-content\/uploads\/2024\/02\/AJSPI_apero_debat_newsletter-300x300.jpg 300w, https:\/\/sciences-medias.fr\/blogs\/wp-content\/uploads\/2024\/02\/AJSPI_apero_debat_newsletter-150x150.jpg 150w, https:\/\/sciences-medias.fr\/blogs\/wp-content\/uploads\/2024\/02\/AJSPI_apero_debat_newsletter-768x768.jpg 768w, https:\/\/sciences-medias.fr\/blogs\/wp-content\/uploads\/2024\/02\/AJSPI_apero_debat_newsletter-700x700.jpg 700w, https:\/\/sciences-medias.fr\/blogs\/wp-content\/uploads\/2024\/02\/AJSPI_apero_debat_newsletter-332x332.jpg 332w, https:\/\/sciences-medias.fr\/blogs\/wp-content\/uploads\/2024\/02\/AJSPI_apero_debat_newsletter-432x432.jpg 432w, https:\/\/sciences-medias.fr\/blogs\/wp-content\/uploads\/2024\/02\/AJSPI_apero_debat_newsletter-268x268.jpg 268w\" sizes=\"auto, (max-width: 1000px) 100vw, 1000px\" \/><\/a>L&rsquo;AJSPI (association des journalistes scientifiques et de la presse d&rsquo;information) organise un ap\u00e9ro-d\u00e9bat le 28 f\u00e9vrier 2024 sur \u00ab\u00a0le retour en force de la Newsletter\u00a0\u00bb dans les champs d&rsquo;expertise des communicants et journalistes scientifiques.<br \/>\nTrois des quatre invit\u00e9s sont d&rsquo;anciens dipl\u00f4m\u00e9s du master. Devinerez-vous lesquels ?<\/p>\n<p>Tous les d\u00e9tails <a href=\"https:\/\/www.ajspi.com\/activites\/apero-debat-du-28-fevrier-comment-realiser-son-documentaire-scientifique\/\">sur le site de l&rsquo;AJSPI<\/a>.<\/p>\n<p>&nbsp;<\/p>\n","protected":false},"excerpt":{"rendered":"<p>L&rsquo;AJSPI (association des journalistes scientifiques et de la presse d&rsquo;information) organise un ap\u00e9ro-d\u00e9bat le 28 f\u00e9vrier 2024 sur \u00ab\u00a0le retour en force de la Newsletter\u00a0\u00bb dans les champs d&rsquo;expertise des communicants et journalistes scientifiques. Trois des quatre invit\u00e9s sont d&rsquo;anciens dipl\u00f4m\u00e9s du master. Devinerez-vous lesquels ? Tous les d\u00e9tails sur &#8230;<\/p>\n","protected":false},"author":97,"featured_media":0,"template":"","meta":{"_tribe_events_status":"","_tribe_events_status_reason":"","footnotes":""},"tags":[],"tribe_events_cat":[64],"class_list":["post-5134","tribe_events","type-tribe_events","status-publish","hentry","tribe_events_cat-conferences","cat_conferences","column","onecol"],"_links":{"self":[{"href":"https:\/\/sciences-medias.fr\/blogs\/wp-json\/wp\/v2\/tribe_events\/5134","targetHints":{"allow":["GET"]}}],"collection":[{"href":"https:\/\/sciences-medias.fr\/blogs\/wp-json\/wp\/v2\/tribe_events"}],"about":[{"href":"https:\/\/sciences-medias.fr\/blogs\/wp-json\/wp\/v2\/types\/tribe_events"}],"author":[{"embeddable":true,"href":"https:\/\/sciences-medias.fr\/blogs\/wp-json\/wp\/v2\/users\/97"}],"version-history":[{"count":1,"href":"https:\/\/sciences-medias.fr\/blogs\/wp-json\/wp\/v2\/tribe_events\/5134\/revisions"}],"predecessor-version":[{"id":5136,"href":"https:\/\/sciences-medias.fr\/blogs\/wp-json\/wp\/v2\/tribe_events\/5134\/revisions\/5136"}],"wp:attachment":[{"href":"https:\/\/sciences-medias.fr\/blogs\/wp-json\/wp\/v2\/media?parent=5134"}],"wp:term":[{"taxonomy":"post_tag","embeddable":true,"href":"https:\/\/sciences-medias.fr\/blogs\/wp-json\/wp\/v2\/tags?post=5134"},{"taxonomy":"tribe_events_cat","embeddable":true,"href":"https:\/\/sciences-medias.fr\/blogs\/wp-json\/wp\/v2\/tribe_events_cat?post=5134"}],"curies":[{"name":"wp","href":"https:\/\/api.w.org\/{rel}","templated":true}]}}

Apéro-débat &#8211; Le retour en force de la newsletter

<p><a href="https://www.ajspi.com/activites/apero-debat-du-28-fevrier-comment-realiser-son-documentaire-scientifique/"><img loading="lazy" decoding="async" class="aligncenter size-full wp-image-5135" src="https://sciences-medias.fr/blogs/wp-content/uploads/2024/02/AJSPI_apero_debat_newsletter.jpg" alt="" width="1000" height="1000" srcset="https://sciences-medias.fr/blogs/wp-content/uploads/2024/02/AJSPI_apero_debat_newsletter.jpg 1000w, https://sciences-medias.fr/blogs/wp-content/uploads/2024/02/AJSPI_apero_debat_newsletter-300x300.jpg 300w, https://sciences-medias.fr/blogs/wp-content/uploads/2024/02/AJSPI_apero_debat_newsletter-150x150.jpg 150w, https://sciences-medias.fr/blogs/wp-content/uploads/2024/02/AJSPI_apero_debat_newsletter-768x768.jpg 768w, https://sciences-medias.fr/blogs/wp-content/uploads/2024/02/AJSPI_apero_debat_newsletter-700x700.jpg 700w, https://sciences-medias.fr/blogs/wp-content/uploads/2024/02/AJSPI_apero_debat_newsletter-332x332.jpg 332w, https://sciences-medias.fr/blogs/wp-content/uploads/2024/02/AJSPI_apero_debat_newsletter-432x432.jpg 432w, https://sciences-medias.fr/blogs/wp-content/uploads/2024/02/AJSPI_apero_debat_newsletter-268x268.jpg 268w" sizes="auto, (max-width: 1000px) 100vw, 1000px" /></a>L&rsquo;AJSPI (association des journalistes scientifiques et de la presse d&rsquo;information) organise un apéro-débat le 28 février 2024 sur « le retour en force de la Newsletter » dans les champs d&rsquo;expertise des communicants et journalistes scientifiques.<br />
Trois des quatre invités sont d&rsquo;anciens diplômés du master. Devinerez-vous lesquels ?</p>
<p>Tous les détails <a href="https://www.ajspi.com/activites/apero-debat-du-28-fevrier-comment-realiser-son-documentaire-scientifique/">sur le site de l&rsquo;AJSPI</a>.</p>
<p>&nbsp;</p>

<p>L&rsquo;AJSPI (association des journalistes scientifiques et de la presse d&rsquo;information) organise un apéro-débat le 28 février 2024 sur « le retour en force de la Newsletter » dans les champs d&rsquo;expertise des communicants et journalistes scientifiques. Trois des quatre invités sont d&rsquo;anciens diplômés du master. Devinerez-vous lesquels ? Tous les détails sur &#8230;</p>
