{"id":5014,"date":"2023-09-22T12:06:08","date_gmt":"2023-09-22T10:06:08","guid":{"rendered":"https:\/\/sciences-medias.fr\/blogs\/?post_type=tribe_events&#038;p=5014"},"modified":"2023-09-22T12:07:38","modified_gmt":"2023-09-22T10:07:38","slug":"controverses-scientifiques-theatralisees-2023","status":"publish","type":"tribe_events","link":"https:\/\/sciences-medias.fr\/blogs\/event\/controverses-scientifiques-theatralisees-2023\/","title":{"rendered":"Controverses scientifiques th\u00e9\u00e2tralis\u00e9es \u2013 2023"},"content":{"rendered":"<p><a href=\"https:\/\/sciences-medias.fr\/blogs\/wp-content\/uploads\/2023\/09\/affiche_Controverse_2023_V2.jpg\"><img loading=\"lazy\" decoding=\"async\" class=\"alignleft wp-image-5015 size-medium\" src=\"https:\/\/sciences-medias.fr\/blogs\/wp-content\/uploads\/2023\/09\/affiche_Controverse_2023_V2-212x300.jpg\" alt=\"\" width=\"212\" height=\"300\" srcset=\"https:\/\/sciences-medias.fr\/blogs\/wp-content\/uploads\/2023\/09\/affiche_Controverse_2023_V2-212x300.jpg 212w, https:\/\/sciences-medias.fr\/blogs\/wp-content\/uploads\/2023\/09\/affiche_Controverse_2023_V2-724x1024.jpg 724w, https:\/\/sciences-medias.fr\/blogs\/wp-content\/uploads\/2023\/09\/affiche_Controverse_2023_V2-106x150.jpg 106w, https:\/\/sciences-medias.fr\/blogs\/wp-content\/uploads\/2023\/09\/affiche_Controverse_2023_V2-768x1086.jpg 768w, https:\/\/sciences-medias.fr\/blogs\/wp-content\/uploads\/2023\/09\/affiche_Controverse_2023_V2-1086x1536.jpg 1086w, https:\/\/sciences-medias.fr\/blogs\/wp-content\/uploads\/2023\/09\/affiche_Controverse_2023_V2-700x990.jpg 700w, https:\/\/sciences-medias.fr\/blogs\/wp-content\/uploads\/2023\/09\/affiche_Controverse_2023_V2-332x470.jpg 332w, https:\/\/sciences-medias.fr\/blogs\/wp-content\/uploads\/2023\/09\/affiche_Controverse_2023_V2.jpg 1190w\" sizes=\"auto, (max-width: 212px) 100vw, 212px\" \/><\/a>Nous vous convions \u00e0 la repr\u00e9sentation de la pi\u00e8ce de th\u00e9\u00e2tre\u00a0<strong>\u00ab\u00a0L&rsquo;exp\u00e9dition sous pression\u00a0\u00bb<\/strong> pr\u00e9sent\u00e9e par les \u00e9tudiantes et les \u00e9tudiants de 1<sup>re<\/sup> ann\u00e9e du master <em>Audiovisuel, Journalisme et Communication Scientifiques<\/em>\u00a0sur le th\u00e8me \u00ab\u00a0Oc\u00e9an, pr\u00e9servation ou exploitation\u00a0\u00bb,<\/p>\n<p><strong>jeudi 5 octobre 2023 \u00e0 20h <\/strong>au\u00a0<strong>Totem<\/strong>, 11 Place Nationale, 75013 (m\u00e9tro Olympiade &#8211; ligne 14 ou Nationale &#8211; ligne 6)<\/p>\n<p>La pi\u00e8ce d&rsquo;une dur\u00e9e d&rsquo;environ 1h sera suivie par un d\u00e9bat (1h) puis par un pot o\u00f9 vous \u00eates toutes et tous convi\u00e9s.<\/p>\n<p>L&rsquo;entr\u00e9e est <strong>gratuite<\/strong>\u00a0dans la limite des places disponibles.<br \/>\nLa\u00a0<strong>r\u00e9servation est obligatoire<\/strong>. Vous pouvez d\u00e8s maintenant r\u00e9server en \u00e9crivant \u00e0 <a href=\"&#x6d;&#x61;&#x69;&#108;&#116;o:&#x66;&#x72;&#x65;&#x64;&#101;&#114;ic&#x2e;&#x74;&#x6f;&#117;&#114;&#110;ie&#x72;&#x40;&#x75;&#45;&#112;ar&#x69;&#x73;&#x2e;&#x66;&#114;\">&#x66;r&#x65;&#100;&#x65;&#114;&#x69;&#x63;&#46;&#x74;&#111;&#x75;&#114;&#x6e;&#105;e&#x72;&#64;&#x75;&#45;&#x70;&#97;r&#x69;&#115;&#x2e;&#102;&#x72;<\/a> en pr\u00e9cisant le(s) nom(s) et le nombre de places.<\/p>\n","protected":false},"excerpt":{"rendered":"<p>Nous vous convions \u00e0 la repr\u00e9sentation de la pi\u00e8ce de th\u00e9\u00e2tre\u00a0\u00ab\u00a0L&rsquo;exp\u00e9dition sous pression\u00a0\u00bb pr\u00e9sent\u00e9e par les \u00e9tudiantes et les \u00e9tudiants de 1re ann\u00e9e du master Audiovisuel, Journalisme et Communication Scientifiques\u00a0sur le th\u00e8me \u00ab\u00a0Oc\u00e9an, pr\u00e9servation ou exploitation\u00a0\u00bb, jeudi 5 octobre 2023 \u00e0 20h au\u00a0Totem, 11 Place Nationale, 75013 (m\u00e9tro Olympiade &#8211; &#8230;<\/p>\n","protected":false},"author":97,"featured_media":0,"template":"","meta":{"_tribe_events_status":"","_tribe_events_status_reason":"","footnotes":""},"tags":[],"tribe_events_cat":[111],"class_list":["post-5014","tribe_events","type-tribe_events","status-publish","hentry","tribe_events_cat-spectacles","cat_spectacles","column","onecol"],"_links":{"self":[{"href":"https:\/\/sciences-medias.fr\/blogs\/wp-json\/wp\/v2\/tribe_events\/5014","targetHints":{"allow":["GET"]}}],"collection":[{"href":"https:\/\/sciences-medias.fr\/blogs\/wp-json\/wp\/v2\/tribe_events"}],"about":[{"href":"https:\/\/sciences-medias.fr\/blogs\/wp-json\/wp\/v2\/types\/tribe_events"}],"author":[{"embeddable":true,"href":"https:\/\/sciences-medias.fr\/blogs\/wp-json\/wp\/v2\/users\/97"}],"version-history":[{"count":4,"href":"https:\/\/sciences-medias.fr\/blogs\/wp-json\/wp\/v2\/tribe_events\/5014\/revisions"}],"predecessor-version":[{"id":5019,"href":"https:\/\/sciences-medias.fr\/blogs\/wp-json\/wp\/v2\/tribe_events\/5014\/revisions\/5019"}],"wp:attachment":[{"href":"https:\/\/sciences-medias.fr\/blogs\/wp-json\/wp\/v2\/media?parent=5014"}],"wp:term":[{"taxonomy":"post_tag","embeddable":true,"href":"https:\/\/sciences-medias.fr\/blogs\/wp-json\/wp\/v2\/tags?post=5014"},{"taxonomy":"tribe_events_cat","embeddable":true,"href":"https:\/\/sciences-medias.fr\/blogs\/wp-json\/wp\/v2\/tribe_events_cat?post=5014"}],"curies":[{"name":"wp","href":"https:\/\/api.w.org\/{rel}","templated":true}]}}

Controverses scientifiques théâtralisées – 2023

<p><a href="https://sciences-medias.fr/blogs/wp-content/uploads/2023/09/affiche_Controverse_2023_V2.jpg"><img loading="lazy" decoding="async" class="alignleft wp-image-5015 size-medium" src="https://sciences-medias.fr/blogs/wp-content/uploads/2023/09/affiche_Controverse_2023_V2-212x300.jpg" alt="" width="212" height="300" srcset="https://sciences-medias.fr/blogs/wp-content/uploads/2023/09/affiche_Controverse_2023_V2-212x300.jpg 212w, https://sciences-medias.fr/blogs/wp-content/uploads/2023/09/affiche_Controverse_2023_V2-724x1024.jpg 724w, https://sciences-medias.fr/blogs/wp-content/uploads/2023/09/affiche_Controverse_2023_V2-106x150.jpg 106w, https://sciences-medias.fr/blogs/wp-content/uploads/2023/09/affiche_Controverse_2023_V2-768x1086.jpg 768w, https://sciences-medias.fr/blogs/wp-content/uploads/2023/09/affiche_Controverse_2023_V2-1086x1536.jpg 1086w, https://sciences-medias.fr/blogs/wp-content/uploads/2023/09/affiche_Controverse_2023_V2-700x990.jpg 700w, https://sciences-medias.fr/blogs/wp-content/uploads/2023/09/affiche_Controverse_2023_V2-332x470.jpg 332w, https://sciences-medias.fr/blogs/wp-content/uploads/2023/09/affiche_Controverse_2023_V2.jpg 1190w" sizes="auto, (max-width: 212px) 100vw, 212px" /></a>Nous vous convions à la représentation de la pièce de théâtre <strong>« L&rsquo;expédition sous pression »</strong> présentée par les étudiantes et les étudiants de 1<sup>re</sup> année du master <em>Audiovisuel, Journalisme et Communication Scientifiques</em> sur le thème « Océan, préservation ou exploitation »,</p>
<p><strong>jeudi 5 octobre 2023 à 20h </strong>au <strong>Totem</strong>, 11 Place Nationale, 75013 (métro Olympiade &#8211; ligne 14 ou Nationale &#8211; ligne 6)</p>
<p>La pièce d&rsquo;une durée d&rsquo;environ 1h sera suivie par un débat (1h) puis par un pot où vous êtes toutes et tous conviés.</p>
<p>L&rsquo;entrée est <strong>gratuite</strong> dans la limite des places disponibles.<br />
La <strong>réservation est obligatoire</strong>. Vous pouvez dès maintenant réserver en écrivant à <a href="&#x6d;&#x61;&#x69;&#108;&#116;o:&#x66;&#x72;&#x65;&#x64;&#101;&#114;ic&#x2e;&#x74;&#x6f;&#117;&#114;&#110;ie&#x72;&#x40;&#x75;&#45;&#112;ar&#x69;&#x73;&#x2e;&#x66;&#114;">&#x66;r&#x65;&#100;&#x65;&#114;&#x69;&#x63;&#46;&#x74;&#111;&#x75;&#114;&#x6e;&#105;e&#x72;&#64;&#x75;&#45;&#x70;&#97;r&#x69;&#115;&#x2e;&#102;&#x72;</a> en précisant le(s) nom(s) et le nombre de places.</p>

<p>Nous vous convions à la représentation de la pièce de théâtre « L&rsquo;expédition sous pression » présentée par les étudiantes et les étudiants de 1re année du master Audiovisuel, Journalisme et Communication Scientifiques sur le thème « Océan, préservation ou exploitation », jeudi 5 octobre 2023 à 20h au Totem, 11 Place Nationale, 75013 (métro Olympiade &#8211; &#8230;</p>
