{"id":4970,"date":"2023-05-27T17:23:51","date_gmt":"2023-05-27T15:23:51","guid":{"rendered":"https:\/\/sciences-medias.fr\/blogs\/?post_type=tribe_events&#038;p=4970"},"modified":"2023-06-27T17:32:06","modified_gmt":"2023-06-27T15:32:06","slug":"congres-de-lamcsti-2023","status":"publish","type":"tribe_events","link":"https:\/\/sciences-medias.fr\/blogs\/event\/congres-de-lamcsti-2023\/","title":{"rendered":"Congr\u00e8s de l&rsquo;AMCSTI 2023"},"content":{"rendered":"<p><a href=\"https:\/\/www.amcsti.fr\/actions\/congres-de-lamcsti\/\"><img loading=\"lazy\" decoding=\"async\" class=\"size-thumbnail wp-image-4972 alignleft\" src=\"https:\/\/sciences-medias.fr\/blogs\/wp-content\/uploads\/2023\/06\/logo-AMCSTI-150x37.png\" alt=\"\" width=\"150\" height=\"37\" srcset=\"https:\/\/sciences-medias.fr\/blogs\/wp-content\/uploads\/2023\/06\/logo-AMCSTI-150x37.png 150w, https:\/\/sciences-medias.fr\/blogs\/wp-content\/uploads\/2023\/06\/logo-AMCSTI-300x74.png 300w, https:\/\/sciences-medias.fr\/blogs\/wp-content\/uploads\/2023\/06\/logo-AMCSTI-332x81.png 332w, https:\/\/sciences-medias.fr\/blogs\/wp-content\/uploads\/2023\/06\/logo-AMCSTI.png 400w\" sizes=\"auto, (max-width: 150px) 100vw, 150px\" \/><\/a>Dans le cadre du Congr\u00e8s 2023 de l&rsquo;AMCSTI qui se tient \u00e0 Bastia du 21 au 23 juin 2023 :<\/p>\n<ul>\n<li>Jeudi 22 juin 2023 \u00e0 14h, <a href=\"https:\/\/sciences-medias.fr\/blogs\/equipe\/frederic-tournier\/\">Fr\u00e9d\u00e9ric Tournier<\/a> co-anime la table ronde \u00ab Des profils scientifiques dans les m\u00e9dias \u00bb avec Agn\u00e8s Vernet (Association des Journalistes Scientifiques de la presse d\u2019Information), Rafa\u00eble Brillaud (ESJ LILLE &#8211; \u00c9cole Sup\u00e9rieure de Journalisme de Lille) et C\u00e9cile Breton (Revue Esp\u00e8ces).<\/li>\n<li>Le m\u00eame jour \u00e0 15h, il anime \u00e9galement la mini-conf\u00e9rence \u00ab Formations de masters et esprit critique \u00bb avec Rafa\u00eble Brillaud, du R\u00e9seau des masters en communication, m\u00e9diation et journalisme scientifiques.<\/li>\n<\/ul>\n<p>Le programme du congr\u00e8s est disponible sur le site <a href=\"https:\/\/www.amcsti.fr\/actions\/congres-de-lamcsti\/\">https:\/\/www.amcsti.fr\/actions\/congres-de-lamcsti\/<\/a> et <a href=\"https:\/\/sciences-medias.fr\/blogs\/wp-content\/uploads\/2023\/06\/C23-ProgrammeGeneral_V2_20230616-1.pdf\">ici aussi en pdf<\/a>.<\/p>\n","protected":false},"excerpt":{"rendered":"<p>Dans le cadre du Congr\u00e8s 2023 de l&rsquo;AMCSTI qui se tient \u00e0 Bastia du 21 au 23 juin 2023 : Jeudi 22 juin 2023 \u00e0 14h, Fr\u00e9d\u00e9ric Tournier co-anime la table ronde \u00ab Des profils scientifiques dans les m\u00e9dias \u00bb avec Agn\u00e8s Vernet (Association des Journalistes Scientifiques de la presse &#8230;<\/p>\n","protected":false},"author":97,"featured_media":0,"template":"","meta":{"_tribe_events_status":"","_tribe_events_status_reason":"","footnotes":""},"tags":[],"tribe_events_cat":[103],"class_list":["post-4970","tribe_events","type-tribe_events","status-publish","hentry","tribe_events_cat-congres","cat_congres","column","onecol"],"_links":{"self":[{"href":"https:\/\/sciences-medias.fr\/blogs\/wp-json\/wp\/v2\/tribe_events\/4970","targetHints":{"allow":["GET"]}}],"collection":[{"href":"https:\/\/sciences-medias.fr\/blogs\/wp-json\/wp\/v2\/tribe_events"}],"about":[{"href":"https:\/\/sciences-medias.fr\/blogs\/wp-json\/wp\/v2\/types\/tribe_events"}],"author":[{"embeddable":true,"href":"https:\/\/sciences-medias.fr\/blogs\/wp-json\/wp\/v2\/users\/97"}],"version-history":[{"count":2,"href":"https:\/\/sciences-medias.fr\/blogs\/wp-json\/wp\/v2\/tribe_events\/4970\/revisions"}],"predecessor-version":[{"id":4976,"href":"https:\/\/sciences-medias.fr\/blogs\/wp-json\/wp\/v2\/tribe_events\/4970\/revisions\/4976"}],"wp:attachment":[{"href":"https:\/\/sciences-medias.fr\/blogs\/wp-json\/wp\/v2\/media?parent=4970"}],"wp:term":[{"taxonomy":"post_tag","embeddable":true,"href":"https:\/\/sciences-medias.fr\/blogs\/wp-json\/wp\/v2\/tags?post=4970"},{"taxonomy":"tribe_events_cat","embeddable":true,"href":"https:\/\/sciences-medias.fr\/blogs\/wp-json\/wp\/v2\/tribe_events_cat?post=4970"}],"curies":[{"name":"wp","href":"https:\/\/api.w.org\/{rel}","templated":true}]}}

Congrès de l&rsquo;AMCSTI 2023

<p><a href="https://www.amcsti.fr/actions/congres-de-lamcsti/"><img loading="lazy" decoding="async" class="size-thumbnail wp-image-4972 alignleft" src="https://sciences-medias.fr/blogs/wp-content/uploads/2023/06/logo-AMCSTI-150x37.png" alt="" width="150" height="37" srcset="https://sciences-medias.fr/blogs/wp-content/uploads/2023/06/logo-AMCSTI-150x37.png 150w, https://sciences-medias.fr/blogs/wp-content/uploads/2023/06/logo-AMCSTI-300x74.png 300w, https://sciences-medias.fr/blogs/wp-content/uploads/2023/06/logo-AMCSTI-332x81.png 332w, https://sciences-medias.fr/blogs/wp-content/uploads/2023/06/logo-AMCSTI.png 400w" sizes="auto, (max-width: 150px) 100vw, 150px" /></a>Dans le cadre du Congrès 2023 de l&rsquo;AMCSTI qui se tient à Bastia du 21 au 23 juin 2023 :</p>
<ul>
<li>Jeudi 22 juin 2023 à 14h, <a href="https://sciences-medias.fr/blogs/equipe/frederic-tournier/">Frédéric Tournier</a> co-anime la table ronde « Des profils scientifiques dans les médias » avec Agnès Vernet (Association des Journalistes Scientifiques de la presse d’Information), Rafaële Brillaud (ESJ LILLE &#8211; École Supérieure de Journalisme de Lille) et Cécile Breton (Revue Espèces).</li>
<li>Le même jour à 15h, il anime également la mini-conférence « Formations de masters et esprit critique » avec Rafaële Brillaud, du Réseau des masters en communication, médiation et journalisme scientifiques.</li>
</ul>
<p>Le programme du congrès est disponible sur le site <a href="https://www.amcsti.fr/actions/congres-de-lamcsti/">https://www.amcsti.fr/actions/congres-de-lamcsti/</a> et <a href="https://sciences-medias.fr/blogs/wp-content/uploads/2023/06/C23-ProgrammeGeneral_V2_20230616-1.pdf">ici aussi en pdf</a>.</p>

<p>Dans le cadre du Congrès 2023 de l&rsquo;AMCSTI qui se tient à Bastia du 21 au 23 juin 2023 : Jeudi 22 juin 2023 à 14h, Frédéric Tournier co-anime la table ronde « Des profils scientifiques dans les médias » avec Agnès Vernet (Association des Journalistes Scientifiques de la presse &#8230;</p>
