{"id":2,"date":"2012-11-16T17:03:02","date_gmt":"2012-11-16T16:03:02","guid":{"rendered":"http:\/\/sciences-medias.fr\/blogs\/\/?page_id=2"},"modified":"2022-06-13T16:00:11","modified_gmt":"2022-06-13T14:00:11","slug":"equipe","status":"publish","type":"page","link":"https:\/\/sciences-medias.fr\/blogs\/equipe\/","title":{"rendered":"L&rsquo;\u00e9quipe Sciences &#038; M\u00e9dias"},"content":{"rendered":"<p><a href=\"https:\/\/sciences-medias.fr\/blogs\/equipe\/frederic-tournier\/\">Fr\u00e9d\u00e9ric Tournier<\/a>, Ma\u00eetre de conf\u00e9rences, Responsable du Master <em>Audiovisuel, journalisme et communication scientifiques<\/em>.<\/p>\n<p><a href=\"https:\/\/sciences-medias.fr\/blogs\/equipe\/elsa-poupardin\/\">Elsa Poupardin<\/a>, Ma\u00eetresse de conf\u00e9rences, Directrice d&rsquo;\u00e9tudes du Master <em>Audiovisuel, journalisme et communication scientifiques<\/em>.<\/p>\n<p><a href=\"https:\/\/sciences-medias.fr\/blogs\/equipe\/anthony-laurent\/\">Anthony Laurent<\/a>, Enseignant associ\u00e9 (<abbr title=\"Ma\u00eetre de conf\u00e9rences associ\u00e9 \u00e0 temps partiel\">MAST<\/abbr>).<\/p>\n<p><a href=\"https:\/\/sciences-medias.fr\/blogs\/equipe\/hugo-lozach\/\">Hugo Lozac&rsquo;h<\/a>, Secr\u00e9taire p\u00e9dagogique du Master <em>Audiovisuel, journalisme et communication scientifiques<\/em>.<\/p>\n<p><a href=\"https:\/\/sciences-medias.fr\/blogs\/equipe\/andre-chavarot\/\">Andr\u00e9 Chavarot<\/a>, Technicien audiovisuel, Charg\u00e9 d&rsquo;enseignement, Administrateur du site sciences-medias.fr<\/p>\n","protected":false},"excerpt":{"rendered":"<p>Fr\u00e9d\u00e9ric Tournier, Ma\u00eetre de conf\u00e9rences, Responsable du Master Audiovisuel, journalisme et communication scientifiques. Elsa Poupardin, Ma\u00eetresse de conf\u00e9rences, Directrice d&rsquo;\u00e9tudes du Master Audiovisuel, journalisme et communication scientifiques. Anthony Laurent, Enseignant associ\u00e9 (MAST). Hugo Lozac&rsquo;h, Secr\u00e9taire p\u00e9dagogique du Master Audiovisuel, journalisme et communication scientifiques. Andr\u00e9 Chavarot, Technicien audiovisuel, Charg\u00e9 d&rsquo;enseignement, Administrateur &#8230;<\/p>\n","protected":false},"author":97,"featured_media":0,"parent":0,"menu_order":1,"comment_status":"closed","ping_status":"closed","template":"","meta":{"footnotes":""},"class_list":["post-2","page","type-page","status-publish","hentry","column","onecol"],"_links":{"self":[{"href":"https:\/\/sciences-medias.fr\/blogs\/wp-json\/wp\/v2\/pages\/2","targetHints":{"allow":["GET"]}}],"collection":[{"href":"https:\/\/sciences-medias.fr\/blogs\/wp-json\/wp\/v2\/pages"}],"about":[{"href":"https:\/\/sciences-medias.fr\/blogs\/wp-json\/wp\/v2\/types\/page"}],"author":[{"embeddable":true,"href":"https:\/\/sciences-medias.fr\/blogs\/wp-json\/wp\/v2\/users\/97"}],"replies":[{"embeddable":true,"href":"https:\/\/sciences-medias.fr\/blogs\/wp-json\/wp\/v2\/comments?post=2"}],"version-history":[{"count":28,"href":"https:\/\/sciences-medias.fr\/blogs\/wp-json\/wp\/v2\/pages\/2\/revisions"}],"predecessor-version":[{"id":4517,"href":"https:\/\/sciences-medias.fr\/blogs\/wp-json\/wp\/v2\/pages\/2\/revisions\/4517"}],"wp:attachment":[{"href":"https:\/\/sciences-medias.fr\/blogs\/wp-json\/wp\/v2\/media?parent=2"}],"curies":[{"name":"wp","href":"https:\/\/api.w.org\/{rel}","templated":true}]}}

L&rsquo;équipe Sciences &#038; Médias

<p><a href="https://sciences-medias.fr/blogs/equipe/frederic-tournier/">Frédéric Tournier</a>, Maître de conférences, Responsable du Master <em>Audiovisuel, journalisme et communication scientifiques</em>.</p>
<p><a href="https://sciences-medias.fr/blogs/equipe/elsa-poupardin/">Elsa Poupardin</a>, Maîtresse de conférences, Directrice d&rsquo;études du Master <em>Audiovisuel, journalisme et communication scientifiques</em>.</p>
<p><a href="https://sciences-medias.fr/blogs/equipe/anthony-laurent/">Anthony Laurent</a>, Enseignant associé (<abbr title="Maître de conférences associé à temps partiel">MAST</abbr>).</p>
<p><a href="https://sciences-medias.fr/blogs/equipe/hugo-lozach/">Hugo Lozac&rsquo;h</a>, Secrétaire pédagogique du Master <em>Audiovisuel, journalisme et communication scientifiques</em>.</p>
<p><a href="https://sciences-medias.fr/blogs/equipe/andre-chavarot/">André Chavarot</a>, Technicien audiovisuel, Chargé d&rsquo;enseignement, Administrateur du site sciences-medias.fr</p>

<p>Frédéric Tournier, Maître de conférences, Responsable du Master Audiovisuel, journalisme et communication scientifiques. Elsa Poupardin, Maîtresse de conférences, Directrice d&rsquo;études du Master Audiovisuel, journalisme et communication scientifiques. Anthony Laurent, Enseignant associé (MAST). Hugo Lozac&rsquo;h, Secrétaire pédagogique du Master Audiovisuel, journalisme et communication scientifiques. André Chavarot, Technicien audiovisuel, Chargé d&rsquo;enseignement, Administrateur &#8230;</p>
