{"id":54,"date":"2020-03-11T17:29:24","date_gmt":"2020-03-11T16:29:24","guid":{"rendered":"http:\/\/sciences-medias.fr\/blogs\/stations-maritimes\/?page_id=54"},"modified":"2020-04-27T16:25:24","modified_gmt":"2020-04-27T14:25:24","slug":"frederic-tournier-enjeux-personnels","status":"publish","type":"page","link":"https:\/\/sciences-medias.fr\/blogs\/stations-maritimes\/les-stations-maritimes-en-france\/frederic-tournier-enjeux-personnels\/","title":{"rendered":"Fr\u00e9d\u00e9ric Tournier : enjeux personnels"},"content":{"rendered":"<p>Les stations biologiques ont jou\u00e9 un r\u00f4le important aussi bien dans mon parcours de formation que dans ma vie professionnelle. Lorsque j\u2019\u00e9tais en ma\u00eetrise de biologie cellulaire \u00e0 l\u2019universit\u00e9 Paris 6 (devenue Pierre et Marie Curie et aujourd\u2019hui Sorbonne Universit\u00e9), \u00e0 Jussieu, un stage d\u2019une semaine \u00e0 Roscoff \u00e9tait programm\u00e9 dans le cursus.<a href=\"http:\/\/sciences-medias.fr\/blogs\/stations-maritimes\/files\/2020\/03\/Fred_tournier.jpg\"><img loading=\"lazy\" decoding=\"async\" class=\"size-full wp-image-59 alignleft\" src=\"http:\/\/sciences-medias.fr\/blogs\/stations-maritimes\/files\/2020\/03\/Fred_tournier.jpg\" alt=\"\" width=\"200\" height=\"201\" srcset=\"https:\/\/sciences-medias.fr\/blogs\/stations-maritimes\/files\/2020\/03\/Fred_tournier.jpg 200w, https:\/\/sciences-medias.fr\/blogs\/stations-maritimes\/files\/2020\/03\/Fred_tournier-150x150.jpg 150w\" sizes=\"auto, (max-width: 200px) 100vw, 200px\" \/><\/a>J\u2019ai d\u00e9couvert un lieu nouveau, une ambiance o\u00f9 la rudesse du climat \u00e9tait contrebalanc\u00e9e par la gentillesse de l\u2019accueil et la pertinence des enseignements (je pense en particulier \u00e0 G\u00e9rard Peaucellier). Nous sommes sortis \u00e0 mar\u00e9e basse avec, comme des m\u00f4mes, des bottes et un seau, nous avons pos\u00e9 des questions aux encadrants et ramass\u00e9 toutes sortes de v\u00e9g\u00e9taux et d\u2019animaux. Etal\u00e9s plus tard sur une paillasse de laboratoire, il s\u2019agissait alors ensemble de reconna\u00eetre ou d\u2019identifier toutes ces esp\u00e8ces.<br \/>\nL\u2019ann\u00e9e suivante, au cours du DEA (dipl\u00f4me d\u2019\u00e9tudes approfondies, \u00e9quivalent de la deuxi\u00e8me ann\u00e9e de master), je retrouvai Roscoff \u00e0 deux reprises&nbsp;: un nouveau stage du m\u00eame genre, avec toujours le m\u00eame int\u00e9r\u00eat et les m\u00eames \u00e9motions face \u00e0 la mer, aux mar\u00e9es, au d\u00e9veloppement pr\u00e9coce des \u0153ufs d\u2019oursins visualis\u00e9 en direct sous une loupe binoculaire et film\u00e9, et un colloque historique (la conf\u00e9rence Jacques Monod sur le cycle cellulaire en septembre 1988) auquel je ne devais pas th\u00e9oriquement participer&nbsp;<sup id=\"ap1\"><a href=\"#nt1\">1<\/a><\/sup>.\u00a0En effet, je venais d\u2019achever mon ann\u00e9e de DEA, je poursuivais en th\u00e8se sur le m\u00eame sujet et dans le m\u00eame laboratoire, et mon directeur de th\u00e8se, Michel Bornens, avait d\u00e9cid\u00e9 de se rendre \u00e0 ce colloque (il faisait une pr\u00e9sentation orale) avec une autre doctorant, alors en deuxi\u00e8me ann\u00e9e, et des chercheurs du laboratoire. Le colloque d\u00e9butait le lundi 5 septembre. Sous le coup d\u2019une intuition un peu folle, je sautai dans ma voiture le dimanche soir et je roulai une bonne partie de la nuit entre Paris et Roscoff. Quelle ne fut pas la surprise de Michel de me voir arriver \u00e0 la station&nbsp;! Dans l\u2019amphith\u00e9\u00e2tre seront pr\u00e9sent\u00e9s les expos\u00e9s de tous les grands chercheurs sur le cycle cellulaire de l\u2019\u00e9poque, notamment les anglais, les am\u00e9ricains, les japonais et les fran\u00e7ais, \u00e0 une p\u00e9riode cruciale pour la recherche sur le cycle, qui \u00ab&nbsp;r\u00e9conciliait&nbsp;\u00bb les biochimistes et les g\u00e9n\u00e9ticiens&nbsp;! Le r\u00e9gulateur universel du cycle eucaryote, mis en \u00e9vidence par deux approches tr\u00e8s diff\u00e9rentes \u00e9tait enfin caract\u00e9ris\u00e9&nbsp;<sup id=\"ap2\"><a href=\"#nt2\">2<\/a><\/sup>.<br \/>\nCette spontan\u00e9it\u00e9 a \u00e9t\u00e9 fructueuse&nbsp;: je retrouvais la station de Roscoff et les \u00e9motions pass\u00e9es, j\u2019assistais aux pr\u00e9sentations de grands chercheurs biologistes, et nous nous baignions en fin d\u2019apr\u00e8s-midi&nbsp;! Plus tard, pendant mon doctorat et mes premi\u00e8res ann\u00e9es d\u2019enseignant-chercheur, c\u2019est la station de Banyuls qui joua un r\u00f4le important. Chaque ann\u00e9e, un colloque de petite envergure (une soixantaine de participants) \u00e9tait organis\u00e9&nbsp;<sup id=\"ap3\"><a href=\"#nt3\">3<\/a><\/sup>, mixant des chercheurs confirm\u00e9s et des \u00ab&nbsp;juniors&nbsp;\u00bb qui pouvaient pr\u00e9senter leurs travaux oralement. Ce colloque ayant lieu au mois de juin, nous profitions de la plage, des terrasses, et des soir\u00e9es festives pour parler de science \u00e9galement. Finalement, c\u2019est la station de Villefranche-sur-Mer que j\u2019ai connue en dernier&nbsp;<sup id=\"ap4\"><a href=\"#nt4\">4<\/a><\/sup>. Un coll\u00e8gue de Paris 6 avait \u00e9t\u00e9 nomm\u00e9 pour diriger une \u00e9quipe et je lui ai rendu visite plusieurs fois. Autre station, autre endroit magnifique.<br \/>\nComme \u00e0 Banyuls, les doctorants et les jeunes chercheurs en particulier organisaient leur temps entre exp\u00e9riences, lectures, \u00e9criture, et\u2026 bains de mer, voile et plong\u00e9e&nbsp;! C\u2019\u00e9tait, vu de l\u2019ext\u00e9rieur, une vie de paradis. Je suis ensuite retourn\u00e9 plusieurs fois \u00e0 Villefranche, pour un jury de th\u00e8se, pour pr\u00e9senter un s\u00e9minaire de recherche, pour un colloque, et chaque fois, la m\u00eame impression&nbsp;: un lieu o\u00f9 on pouvait combiner le travail du chercheur et le bien-\u00eatre imm\u00e9diat, gr\u00e2ce \u00e0 la pr\u00e9sence de la mer&nbsp;!<br \/>\nCe n\u2019est que plus r\u00e9cemment, lors de l\u2019\u00e9t\u00e9 2011, en vacances dans la r\u00e9gion, que je passais sur la corniche Pompidou, \u00e0 Tamaris, et que je d\u00e9couvrais la fa\u00e7ade de l\u2019Institut Michel Pacha. Quelle surprise&nbsp;! Quelle \u00e9tranget\u00e9&nbsp;! J\u2019apprenais assez vite qu\u2019il s\u2019agissait d\u2019une station maritime g\u00e9r\u00e9e par l\u2019Universit\u00e9 Claude Bernard \u2013 Lyon 1, mais que l\u2019activit\u00e9 scientifique, au moins concernant la recherche en physiologie marine, avait \u00e9t\u00e9 arr\u00eat\u00e9e en 2008.<br \/>\nConfiant mon int\u00e9r\u00eat pour les stations maritimes \u00e0 mon coll\u00e8gue Jean-Fran\u00e7ois Ternay, j\u2019eus la bonne surprise qu\u2019il me fasse part d\u2019un m\u00eame enthousiasme, m\u00eame si ses raisons \u00e9taient diff\u00e9rentes. Il a fallu du temps pour nous d\u00e9cider, mais nous allions \u00e9tudier les stations maritimes fran\u00e7aises et essayer de comprendre \u00e0 travers leur histoire et leurs activit\u00e9s des modes de fonctionnement de la recherche, les priorit\u00e9s disciplinaires, les opportunit\u00e9s, les \u00e9checs et les aventures humaines et scientifiques. Nous avons d\u00e9but\u00e9 notre \u00e9tude par l\u2019Institut Michel Pacha en mai 2016, et la rencontre avec le pr\u00e9sident sortant de l\u2019Universit\u00e9 Lyon 1 \u2013 Claude Bernard, Fran\u00e7ois-No\u00ebl Gilly. Ce site pr\u00e9sente l\u2019histoire et l\u2019actualit\u00e9 de trois stations maritimes m\u00e9diterran\u00e9ennes, de taille et d\u2019activit\u00e9 diff\u00e9rentes, g\u00e9r\u00e9es par trois universit\u00e9s \u00e9galement diff\u00e9rentes. Outre l\u2019histoire des stations, notre \u00e9tude explore la complexit\u00e9 des interactions qui animent un laboratoire scientifique et met en \u00e9vidence des \u00e9l\u00e9ments nombreux li\u00e9s au fonctionnement de la recherche.<\/p>\n<p><em>Fr\u00e9d\u00e9ric Tournier<\/em><\/p>\n<h2>Notes<\/h2>\n<p id=\"nt1\"><small><a href=\"#ap1\">1<\/a> En 1988, \u00c9ric Karsenti initie la premi\u00e8re conf\u00e9rence Jacques Monod sur le cycle cellulaire \u00e0 Roscoff, aujourd&rsquo;hui devenue le rendez-vous incontournable dans ce domaine.<\/small><\/p>\n<p id=\"nt2\"><small><a href=\"#ap2\">2<\/a> Le facteur qui promeut la maturation d\u2019ovocytes (MPF en anglais) est le m\u00eame que celui qui d\u00e9clenche la division cellulaire dans les cellules, une prot\u00e9ine de 34&nbsp;kDa cod\u00e9e par un g\u00e8ne semblable dans toutes les esp\u00e8ces, le g\u00e8ne cdc2. Les r\u00e9sultats donneront lieu au partage du prix Nobel de m\u00e9decine et de physiologie 2001 entre deux chercheurs anglais, Paul Nurse et Tim Hunt et un am\u00e9ricain, Leland Hartwell.<\/small><\/p>\n<p id=\"nt3\"><small><a href=\"#ap3\">3<\/a> Le club fran\u00e7ais du cytosquelette.<\/small><\/p>\n<p id=\"nt4\"><small><a href=\"#ap4\">4<\/a> Les trois stations biologiques, Roscoff, Banyuls et Villefranche appartiennent et sont g\u00e9r\u00e9es par l\u2019Universit\u00e9 Sorbonne Universit\u00e9. <a href=\"http:\/\/www.upmc.fr\/fr\/universite\/stations_marines\/convention_universites_marines_francaises.html\">http:\/\/www.upmc.fr\/fr\/universite\/stations_marines\/convention_universites_marines_francaises.html<\/a><\/small><\/p>\n","protected":false},"excerpt":{"rendered":"<p>Les stations biologiques ont jou\u00e9 un r\u00f4le important aussi bien dans mon parcours de formation que dans ma vie professionnelle. Lorsque j\u2019\u00e9tais en ma\u00eetrise de biologie cellulaire \u00e0 l\u2019universit\u00e9 Paris 6 (devenue Pierre et Marie Curie et aujourd\u2019hui Sorbonne Universit\u00e9), \u00e0 Jussieu, un stage d\u2019une semaine \u00e0 Roscoff \u00e9tait programm\u00e9 dans le cursus.J\u2019ai d\u00e9couvert un [&hellip;]<\/p>\n","protected":false},"author":97,"featured_media":0,"parent":4,"menu_order":2,"comment_status":"closed","ping_status":"closed","template":"","meta":{"footnotes":""},"class_list":["post-54","page","type-page","status-publish","hentry"],"_links":{"self":[{"href":"https:\/\/sciences-medias.fr\/blogs\/stations-maritimes\/wp-json\/wp\/v2\/pages\/54","targetHints":{"allow":["GET"]}}],"collection":[{"href":"https:\/\/sciences-medias.fr\/blogs\/stations-maritimes\/wp-json\/wp\/v2\/pages"}],"about":[{"href":"https:\/\/sciences-medias.fr\/blogs\/stations-maritimes\/wp-json\/wp\/v2\/types\/page"}],"author":[{"embeddable":true,"href":"https:\/\/sciences-medias.fr\/blogs\/stations-maritimes\/wp-json\/wp\/v2\/users\/97"}],"replies":[{"embeddable":true,"href":"https:\/\/sciences-medias.fr\/blogs\/stations-maritimes\/wp-json\/wp\/v2\/comments?post=54"}],"version-history":[{"count":15,"href":"https:\/\/sciences-medias.fr\/blogs\/stations-maritimes\/wp-json\/wp\/v2\/pages\/54\/revisions"}],"predecessor-version":[{"id":322,"href":"https:\/\/sciences-medias.fr\/blogs\/stations-maritimes\/wp-json\/wp\/v2\/pages\/54\/revisions\/322"}],"up":[{"embeddable":true,"href":"https:\/\/sciences-medias.fr\/blogs\/stations-maritimes\/wp-json\/wp\/v2\/pages\/4"}],"wp:attachment":[{"href":"https:\/\/sciences-medias.fr\/blogs\/stations-maritimes\/wp-json\/wp\/v2\/media?parent=54"}],"curies":[{"name":"wp","href":"https:\/\/api.w.org\/{rel}","templated":true}]}}